{"id":21031,"date":"2010-06-24T11:04:02","date_gmt":"2010-06-24T09:04:02","guid":{"rendered":"http:\/\/ssdelugo.clientes.galiciadigital.com\/cofradi-infantil-de-la-entrada-de-jesus-en-jerusalen\/"},"modified":"2024-09-30T16:50:51","modified_gmt":"2024-09-30T14:50:51","slug":"cofradi-infantil-de-la-entrada-de-jesus-en-jerusalen","status":"publish","type":"page","link":"https:\/\/semanasantadelugo.com\/gl\/cofradias\/cofradi-infantil-de-la-entrada-de-jesus-en-jerusalen\/","title":{"rendered":"IRMANDAD INFANTIL DE \u201cA ENTRADA DE XES\u00daS EN XERUSAL\u00c9N\u201d"},"content":{"rendered":"<div data-elementor-type=\"wp-page\" data-elementor-id=\"21031\" class=\"elementor elementor-21031\" data-elementor-post-type=\"page\">\n\t\t\t\t\t\t<section class=\"elementor-section elementor-top-section elementor-element elementor-element-1e7fec02 elementor-section-boxed elementor-section-height-default elementor-section-height-default\" data-id=\"1e7fec02\" data-element_type=\"section\" data-settings=\"{&quot;wdt_bg_image&quot;:{&quot;url&quot;:&quot;&quot;,&quot;id&quot;:&quot;&quot;,&quot;size&quot;:&quot;&quot;},&quot;wdt_bg_image_widescreen&quot;:{&quot;url&quot;:&quot;&quot;,&quot;id&quot;:&quot;&quot;,&quot;size&quot;:&quot;&quot;},&quot;wdt_bg_image_laptop&quot;:{&quot;url&quot;:&quot;&quot;,&quot;id&quot;:&quot;&quot;,&quot;size&quot;:&quot;&quot;},&quot;wdt_bg_image_tablet_extra&quot;:{&quot;url&quot;:&quot;&quot;,&quot;id&quot;:&quot;&quot;,&quot;size&quot;:&quot;&quot;},&quot;wdt_bg_image_tablet&quot;:{&quot;url&quot;:&quot;&quot;,&quot;id&quot;:&quot;&quot;,&quot;size&quot;:&quot;&quot;},&quot;wdt_bg_image_mobile_extra&quot;:{&quot;url&quot;:&quot;&quot;,&quot;id&quot;:&quot;&quot;,&quot;size&quot;:&quot;&quot;},&quot;wdt_bg_image_mobile&quot;:{&quot;url&quot;:&quot;&quot;,&quot;id&quot;:&quot;&quot;,&quot;size&quot;:&quot;&quot;},&quot;wdt_bg_position&quot;:&quot;center center&quot;,&quot;wdt_animation_effect&quot;:&quot;none&quot;,&quot;ekit_has_onepagescroll_dot&quot;:&quot;yes&quot;}\">\n\t\t\t\t\t\t<div class=\"elementor-container elementor-column-gap-default\">\n\t\t\t\t\t<div class=\"elementor-column elementor-col-100 elementor-top-column elementor-element elementor-element-983ab67\" data-id=\"983ab67\" data-element_type=\"column\">\n\t\t\t<div class=\"elementor-widget-wrap elementor-element-populated\">\n\t\t\t\t\t\t<div class=\"elementor-element elementor-element-6b9f231c elementor-widget elementor-widget-text-editor\" data-id=\"6b9f231c\" data-element_type=\"widget\" data-settings=\"{&quot;ekit_we_effect_on&quot;:&quot;none&quot;,&quot;wdt_animation_effect&quot;:&quot;none&quot;}\" data-widget_type=\"text-editor.default\">\n\t\t\t\t<div class=\"elementor-widget-container\">\n\t\t\t\t\t\t\t\t\t<p style=\"text-align: justify;\"><img decoding=\"async\" class=\"alignleft size-full wp-image-20976\" style=\"float: left; margin: 10px;\" title=\"IRMANDAD INFANTIL DE \u201cA ENTRADA DE XES\u00daS EN XERUSAL\u00c9N\" src=\"http:\/\/semanasantadelugo.com\/wp-content\/uploads\/2010\/06\/Escudo-La-Borriquita-lugo.jpg\" alt=\"COFRAD\u00cdA INFANTIL DE \u201cLA ENTRADA DE JES\u00daS EN JERUSAL\u00c9N\" width=\"78\" height=\"76\" \/>Esta confrar\u00eda \u00e9 co\u00f1ecida popularmente como &quot;La Borriquita&quot;.<\/p><p style=\"text-align: justify;\">D. Jos\u00e9 Molej\u00f3n c\u00f3ntanos no seu libro \u201cAs Irmandades da Semana Santa de Lugo\u201d o seguinte: \u201ca confrar\u00eda de nenos lucenses da \u201cEntrada de Jes\u00fas en Xerusal\u00e9n\u201d co\u00f1ecida comunmente como \u201cla Borriquita\u201d, comeza as s\u00faas primeiras probas actividades organizativas. en 1943 cos fillos da Catequese da Parroquia de S. Froil\u00e1n en Lugo.<\/p><p style=\"text-align: justify;\">O Domingo de Ramos dese ano, levando sobre lixos portados por nenas, vestidos de azul e rosa, a imaxe do Neno Xes\u00fas, desfilan en procesi\u00f3n por algunhas r\u00faas da parroquia.<\/p><p style=\"text-align: justify;\">Como esta procesi\u00f3n foi todo un \u00e9xito, comezou a madurar, con todos os elementos, a creaci\u00f3n dunha Irmandade Infantil para o Domingo de Ramos, o m\u00e1is semellante posible \u00e1 Entrada de Xes\u00fas en Xerusal\u00e9n\u201d.<\/p><p style=\"text-align: justify;\">D\u00faas lucenses entusiastas, as irm\u00e1s Lourido, ser\u00e1n en realidade as verdadeiras organizadoras deste paso procesional que contar\u00eda con nenos vestidos \u00e1 maneira de soldados romanos.<\/p><p style=\"text-align: justify;\">D. Jos\u00e9 Fern\u00e1ndez N\u00fa\u00f1ez, p\u00e1rroco que era de San Froil\u00e1n de Lugo, elaborou os primeiros estatutos que se presentaron ao bispo doutor Balanz\u00e1 y Navarro en 1945.<\/p><p style=\"text-align: justify;\">Esta procesi\u00f3n seguiu tendo como paso principal ata 1950 ao Neno Xes\u00fas que foi levado nunha camada polos propios nenos, sendo o 18 de marzo de 1951 o ano no que desfilou o paso procesional que se garda na parroquia da Milagrosa. primeira vez en Lugo. Este paso \u00e9 obra do escultor compostel\u00e1n Manuel Miranda e est\u00e1 claramente inspirado no paso compostel\u00e1n do mesmo nome.<\/p><p style=\"text-align: justify;\">En principio esta procesi\u00f3n partiu na tarde do Domingo de Ramos, pero por iniciativa do bispo D. Antonio Ona de Echave cambiou a hora e incorporouse \u00e1 procesi\u00f3n organizada na catedral tras a solemne bendici\u00f3n de ramos e palmas na ma\u00f1\u00e1 do domingo de Ramos<\/p><p style=\"text-align: justify;\">A vestimenta dos irm\u00e1ns fillos \u00e9 de d\u00faas formas, a primeira con uniforme romano -s\u00e9culo de honras e banda de cornetas e tambores- e a segunda, con hebreos -con timbales e varas de madeira-. O Abanderado e Irm\u00e1n Maior leva unha alba branca cun escapulario cun emblema da entrada triunfal bordado en ouro sobre fondo vermello, con loureiros e palmas.<\/p><p style=\"text-align: justify;\">A procesi\u00f3n organ\u00edzase do seguinte xeito: primeiro os soldados romanos seguidos do paso procesional, detr\u00e1s dos hebreos con timbales e as filas coas s\u00faas ramas e palmas, despois o Bispo co Cap\u00edtulo Catedralicio e os se\u00f1ores curas, Xunta de confrar\u00edas e xente de xeral. Pasan procesionalmente polas prazas de Santa Mar\u00eda, Alf\u00e9rez Provisional e Maior, para continuar pola r\u00faa da Ra\u00ed\u00f1a ata a Praza de Santo Domingo, dende al\u00ed pola r\u00faa do Conde de Pallares ata a Praza Maior, Praza Alf\u00e9rez Provisional e Praza de Santa Mar\u00eda ata volver ao seu lugar de orixe.<\/p><p style=\"text-align: justify;\">A confrar\u00eda de Entrada Triunfal tam\u00e9n acompa\u00f1a, como o resto de pasos procesionais pertencentes \u00e1s confrar\u00edas lucenses, \u00e1 procesi\u00f3n do Santo Enterro na tarde do Venres Santo.<\/p><p style=\"text-align: justify;\"><span style=\"color: #888888;\"><em>Jos\u00e9 Manuel Abel Exp\u00f3sito.<\/em><\/span><\/p>\t\t\t\t\t\t\t\t<\/div>\n\t\t\t\t<\/div>\n\t\t\t\t<div class=\"elementor-element elementor-element-a2757c3 elementor-widget elementor-widget-image-gallery\" data-id=\"a2757c3\" data-element_type=\"widget\" data-settings=\"{&quot;ekit_we_effect_on&quot;:&quot;none&quot;,&quot;wdt_animation_effect&quot;:&quot;none&quot;}\" data-widget_type=\"image-gallery.default\">\n\t\t\t\t<div class=\"elementor-widget-container\">\n\t\t\t\t\t\t\t<div class=\"elementor-image-gallery\">\n\t\t\t<div id='gallery-1' class='gallery galleryid-21031 gallery-columns-3 gallery-size-medium'><figure class='gallery-item'>\n\t\t\t<div class='gallery-icon landscape'>\n\t\t\t\t<a data-elementor-open-lightbox=\"yes\" data-elementor-lightbox-slideshow=\"a2757c3\" data-elementor-lightbox-title=\"borriquita-www\" data-e-action-hash=\"#elementor-action%3Aaction%3Dlightbox%26settings%3DeyJpZCI6MjEwMjgsInVybCI6Imh0dHBzOlwvXC9zZW1hbmFzYW50YWRlbHVnby5jb21cL3dwLWNvbnRlbnRcL3VwbG9hZHNcLzIwMTBcLzA2XC9ib3JyaXF1aXRhLXd3dy5qcGciLCJzbGlkZXNob3ciOiJhMjc1N2MzIn0%3D\" href='https:\/\/semanasantadelugo.com\/wp-content\/uploads\/2010\/06\/borriquita-www.jpg'><img fetchpriority=\"high\" decoding=\"async\" width=\"300\" height=\"182\" src=\"https:\/\/semanasantadelugo.com\/wp-content\/uploads\/2010\/06\/borriquita-www-300x182.jpg\" class=\"attachment-medium size-medium\" alt=\"\" srcset=\"https:\/\/semanasantadelugo.com\/wp-content\/uploads\/2010\/06\/borriquita-www-300x182.jpg 300w, https:\/\/semanasantadelugo.com\/wp-content\/uploads\/2010\/06\/borriquita-www.jpg 367w\" sizes=\"(max-width: 300px) 100vw, 300px\" \/><\/a>\n\t\t\t<\/div><\/figure><figure class='gallery-item'>\n\t\t\t<div class='gallery-icon landscape'>\n\t\t\t\t<a data-elementor-open-lightbox=\"yes\" data-elementor-lightbox-slideshow=\"a2757c3\" data-elementor-lightbox-title=\"Borriquita-ramos\" data-e-action-hash=\"#elementor-action%3Aaction%3Dlightbox%26settings%3DeyJpZCI6MjEwMjksInVybCI6Imh0dHBzOlwvXC9zZW1hbmFzYW50YWRlbHVnby5jb21cL3dwLWNvbnRlbnRcL3VwbG9hZHNcLzIwMTBcLzA2XC9ib3JyaXF1aXRhLTJ3LmpwZyIsInNsaWRlc2hvdyI6ImEyNzU3YzMifQ%3D%3D\" href='https:\/\/semanasantadelugo.com\/wp-content\/uploads\/2010\/06\/borriquita-2w.jpg'><img decoding=\"async\" width=\"300\" height=\"120\" src=\"https:\/\/semanasantadelugo.com\/wp-content\/uploads\/2010\/06\/borriquita-2w-300x120.jpg\" class=\"attachment-medium size-medium\" alt=\"Borriquita-ramos\" aria-describedby=\"gallery-1-21029\" srcset=\"https:\/\/semanasantadelugo.com\/wp-content\/uploads\/2010\/06\/borriquita-2w-300x120.jpg 300w, https:\/\/semanasantadelugo.com\/wp-content\/uploads\/2010\/06\/borriquita-2w.jpg 567w\" sizes=\"(max-width: 300px) 100vw, 300px\" \/><\/a>\n\t\t\t<\/div>\n\t\t\t\t<figcaption class='wp-caption-text gallery-caption' id='gallery-1-21029'>\n\t\t\t\tBorriquita-ramos\n\t\t\t\t<\/figcaption><\/figure><figure class='gallery-item'>\n\t\t\t<div class='gallery-icon landscape'>\n\t\t\t\t<a data-elementor-open-lightbox=\"yes\" data-elementor-lightbox-slideshow=\"a2757c3\" data-elementor-lightbox-title=\"Borriquita-romanos\" data-e-action-hash=\"#elementor-action%3Aaction%3Dlightbox%26settings%3DeyJpZCI6MjEwMzAsInVybCI6Imh0dHBzOlwvXC9zZW1hbmFzYW50YWRlbHVnby5jb21cL3dwLWNvbnRlbnRcL3VwbG9hZHNcLzIwMTBcLzA2XC9ib3JyaXF1aXRhLTN3LmpwZyIsInNsaWRlc2hvdyI6ImEyNzU3YzMifQ%3D%3D\" href='https:\/\/semanasantadelugo.com\/wp-content\/uploads\/2010\/06\/borriquita-3w.jpg'><img loading=\"lazy\" decoding=\"async\" width=\"300\" height=\"120\" src=\"https:\/\/semanasantadelugo.com\/wp-content\/uploads\/2010\/06\/borriquita-3w-300x120.jpg\" class=\"attachment-medium size-medium\" alt=\"Borriquita-romanos\" aria-describedby=\"gallery-1-21030\" srcset=\"https:\/\/semanasantadelugo.com\/wp-content\/uploads\/2010\/06\/borriquita-3w-300x120.jpg 300w, https:\/\/semanasantadelugo.com\/wp-content\/uploads\/2010\/06\/borriquita-3w.jpg 567w\" sizes=\"(max-width: 300px) 100vw, 300px\" \/><\/a>\n\t\t\t<\/div>\n\t\t\t\t<figcaption class='wp-caption-text gallery-caption' id='gallery-1-21030'>\n\t\t\t\tBorriquita-romanos\n\t\t\t\t<\/figcaption><\/figure>\n\t\t<\/div>\n\t\t<\/div>\n\t\t\t\t\t\t<\/div>\n\t\t\t\t<\/div>\n\t\t\t\t\t<\/div>\n\t\t<\/div>\n\t\t\t\t\t<\/div>\n\t\t<\/section>\n\t\t\t\t<\/div>","protected":false},"excerpt":{"rendered":"<p>Esta confrar\u00eda \u00e9 co\u00f1ecida popularmente como \u201cLa Borriquita\u201d. D. Jos\u00e9 Molej\u00f3n c\u00f3ntanos no seu libro \u201cAs Irmandades da Semana Santa de Lugo\u201d: [\u2026]<\/p>","protected":false},"author":1,"featured_media":20976,"parent":20982,"menu_order":0,"comment_status":"closed","ping_status":"closed","template":"","meta":{"footnotes":""},"class_list":["post-21031","page","type-page","status-publish","has-post-thumbnail","hentry"],"_links":{"self":[{"href":"https:\/\/semanasantadelugo.com\/gl\/wp-json\/wp\/v2\/pages\/21031","targetHints":{"allow":["GET"]}}],"collection":[{"href":"https:\/\/semanasantadelugo.com\/gl\/wp-json\/wp\/v2\/pages"}],"about":[{"href":"https:\/\/semanasantadelugo.com\/gl\/wp-json\/wp\/v2\/types\/page"}],"author":[{"embeddable":true,"href":"https:\/\/semanasantadelugo.com\/gl\/wp-json\/wp\/v2\/users\/1"}],"replies":[{"embeddable":true,"href":"https:\/\/semanasantadelugo.com\/gl\/wp-json\/wp\/v2\/comments?post=21031"}],"version-history":[{"count":7,"href":"https:\/\/semanasantadelugo.com\/gl\/wp-json\/wp\/v2\/pages\/21031\/revisions"}],"predecessor-version":[{"id":22979,"href":"https:\/\/semanasantadelugo.com\/gl\/wp-json\/wp\/v2\/pages\/21031\/revisions\/22979"}],"up":[{"embeddable":true,"href":"https:\/\/semanasantadelugo.com\/gl\/wp-json\/wp\/v2\/pages\/20982"}],"wp:featuredmedia":[{"embeddable":true,"href":"https:\/\/semanasantadelugo.com\/gl\/wp-json\/wp\/v2\/media\/20976"}],"wp:attachment":[{"href":"https:\/\/semanasantadelugo.com\/gl\/wp-json\/wp\/v2\/media?parent=21031"}],"curies":[{"name":"wp","href":"https:\/\/api.w.org\/{rel}","templated":true}]}}

IRMANDAD INFANTIL DE “A ENTRADA DE XESÚS EN XERUSALÉN”

<div data-elementor-type="wp-page" data-elementor-id="21031" class="elementor elementor-21031" data-elementor-post-type="page">
						<section class="elementor-section elementor-top-section elementor-element elementor-element-1e7fec02 elementor-section-boxed elementor-section-height-default elementor-section-height-default" data-id="1e7fec02" data-element_type="section" data-settings="{&quot;wdt_bg_image&quot;:{&quot;url&quot;:&quot;&quot;,&quot;id&quot;:&quot;&quot;,&quot;size&quot;:&quot;&quot;},&quot;wdt_bg_image_widescreen&quot;:{&quot;url&quot;:&quot;&quot;,&quot;id&quot;:&quot;&quot;,&quot;size&quot;:&quot;&quot;},&quot;wdt_bg_image_laptop&quot;:{&quot;url&quot;:&quot;&quot;,&quot;id&quot;:&quot;&quot;,&quot;size&quot;:&quot;&quot;},&quot;wdt_bg_image_tablet_extra&quot;:{&quot;url&quot;:&quot;&quot;,&quot;id&quot;:&quot;&quot;,&quot;size&quot;:&quot;&quot;},&quot;wdt_bg_image_tablet&quot;:{&quot;url&quot;:&quot;&quot;,&quot;id&quot;:&quot;&quot;,&quot;size&quot;:&quot;&quot;},&quot;wdt_bg_image_mobile_extra&quot;:{&quot;url&quot;:&quot;&quot;,&quot;id&quot;:&quot;&quot;,&quot;size&quot;:&quot;&quot;},&quot;wdt_bg_image_mobile&quot;:{&quot;url&quot;:&quot;&quot;,&quot;id&quot;:&quot;&quot;,&quot;size&quot;:&quot;&quot;},&quot;wdt_bg_position&quot;:&quot;center center&quot;,&quot;wdt_animation_effect&quot;:&quot;none&quot;,&quot;ekit_has_onepagescroll_dot&quot;:&quot;yes&quot;}">
						<div class="elementor-container elementor-column-gap-default">
					<div class="elementor-column elementor-col-100 elementor-top-column elementor-element elementor-element-983ab67" data-id="983ab67" data-element_type="column">
			<div class="elementor-widget-wrap elementor-element-populated">
						<div class="elementor-element elementor-element-6b9f231c elementor-widget elementor-widget-text-editor" data-id="6b9f231c" data-element_type="widget" data-settings="{&quot;ekit_we_effect_on&quot;:&quot;none&quot;,&quot;wdt_animation_effect&quot;:&quot;none&quot;}" data-widget_type="text-editor.default">
				<div class="elementor-widget-container">
									<p style="text-align: justify;"><img decoding="async" class="alignleft size-full wp-image-20976" style="float: left; margin: 10px;" title="IRMANDAD INFANTIL DE “A ENTRADA DE XESÚS EN XERUSALÉN" src="http://semanasantadelugo.com/wp-content/uploads/2010/06/Escudo-La-Borriquita-lugo.jpg" alt="COFRADÍA INFANTIL DE “LA ENTRADA DE JESÚS EN JERUSALÉN" width="78" height="76" />Esta confraría é coñecida popularmente como &quot;La Borriquita&quot;.</p><p style="text-align: justify;">D. José Molejón cóntanos no seu libro “As Irmandades da Semana Santa de Lugo” o seguinte: “a confraría de nenos lucenses da “Entrada de Jesús en Xerusalén” coñecida comunmente como “la Borriquita”, comeza as súas primeiras probas actividades organizativas. en 1943 cos fillos da Catequese da Parroquia de S. Froilán en Lugo.</p><p style="text-align: justify;">O Domingo de Ramos dese ano, levando sobre lixos portados por nenas, vestidos de azul e rosa, a imaxe do Neno Xesús, desfilan en procesión por algunhas rúas da parroquia.</p><p style="text-align: justify;">Como esta procesión foi todo un éxito, comezou a madurar, con todos os elementos, a creación dunha Irmandade Infantil para o Domingo de Ramos, o máis semellante posible á Entrada de Xesús en Xerusalén”.</p><p style="text-align: justify;">Dúas lucenses entusiastas, as irmás Lourido, serán en realidade as verdadeiras organizadoras deste paso procesional que contaría con nenos vestidos á maneira de soldados romanos.</p><p style="text-align: justify;">D. José Fernández Núñez, párroco que era de San Froilán de Lugo, elaborou os primeiros estatutos que se presentaron ao bispo doutor Balanzá y Navarro en 1945.</p><p style="text-align: justify;">Esta procesión seguiu tendo como paso principal ata 1950 ao Neno Xesús que foi levado nunha camada polos propios nenos, sendo o 18 de marzo de 1951 o ano no que desfilou o paso procesional que se garda na parroquia da Milagrosa. primeira vez en Lugo. Este paso é obra do escultor compostelán Manuel Miranda e está claramente inspirado no paso compostelán do mesmo nome.</p><p style="text-align: justify;">En principio esta procesión partiu na tarde do Domingo de Ramos, pero por iniciativa do bispo D. Antonio Ona de Echave cambiou a hora e incorporouse á procesión organizada na catedral tras a solemne bendición de ramos e palmas na mañá do domingo de Ramos</p><p style="text-align: justify;">A vestimenta dos irmáns fillos é de dúas formas, a primeira con uniforme romano -século de honras e banda de cornetas e tambores- e a segunda, con hebreos -con timbales e varas de madeira-. O Abanderado e Irmán Maior leva unha alba branca cun escapulario cun emblema da entrada triunfal bordado en ouro sobre fondo vermello, con loureiros e palmas.</p><p style="text-align: justify;">A procesión organízase do seguinte xeito: primeiro os soldados romanos seguidos do paso procesional, detrás dos hebreos con timbales e as filas coas súas ramas e palmas, despois o Bispo co Capítulo Catedralicio e os señores curas, Xunta de confrarías e xente de xeral. Pasan procesionalmente polas prazas de Santa María, Alférez Provisional e Maior, para continuar pola rúa da Raíña ata a Praza de Santo Domingo, dende alí pola rúa do Conde de Pallares ata a Praza Maior, Praza Alférez Provisional e Praza de Santa María ata volver ao seu lugar de orixe.</p><p style="text-align: justify;">A confraría de Entrada Triunfal tamén acompaña, como o resto de pasos procesionais pertencentes ás confrarías lucenses, á procesión do Santo Enterro na tarde do Venres Santo.</p><p style="text-align: justify;"><span style="color: #888888;"><em>José Manuel Abel Expósito.</em></span></p>								</div>
				</div>
				<div class="elementor-element elementor-element-a2757c3 elementor-widget elementor-widget-image-gallery" data-id="a2757c3" data-element_type="widget" data-settings="{&quot;ekit_we_effect_on&quot;:&quot;none&quot;,&quot;wdt_animation_effect&quot;:&quot;none&quot;}" data-widget_type="image-gallery.default">
				<div class="elementor-widget-container">
							<div class="elementor-image-gallery">
			<div id='gallery-1' class='gallery galleryid-21031 gallery-columns-3 gallery-size-medium'><figure class='gallery-item'>
			<div class='gallery-icon landscape'>
				<a data-elementor-open-lightbox="yes" data-elementor-lightbox-slideshow="a2757c3" data-elementor-lightbox-title="borriquita-www" data-e-action-hash="#elementor-action%3Aaction%3Dlightbox%26settings%3DeyJpZCI6MjEwMjgsInVybCI6Imh0dHBzOlwvXC9zZW1hbmFzYW50YWRlbHVnby5jb21cL3dwLWNvbnRlbnRcL3VwbG9hZHNcLzIwMTBcLzA2XC9ib3JyaXF1aXRhLXd3dy5qcGciLCJzbGlkZXNob3ciOiJhMjc1N2MzIn0%3D" href='https://semanasantadelugo.com/wp-content/uploads/2010/06/borriquita-www.jpg'><img fetchpriority="high" decoding="async" width="300" height="182" src="https://semanasantadelugo.com/wp-content/uploads/2010/06/borriquita-www-300x182.jpg" class="attachment-medium size-medium" alt="" srcset="https://semanasantadelugo.com/wp-content/uploads/2010/06/borriquita-www-300x182.jpg 300w, https://semanasantadelugo.com/wp-content/uploads/2010/06/borriquita-www.jpg 367w" sizes="(max-width: 300px) 100vw, 300px" /></a>
			</div></figure><figure class='gallery-item'>
			<div class='gallery-icon landscape'>
				<a data-elementor-open-lightbox="yes" data-elementor-lightbox-slideshow="a2757c3" data-elementor-lightbox-title="Borriquita-ramos" data-e-action-hash="#elementor-action%3Aaction%3Dlightbox%26settings%3DeyJpZCI6MjEwMjksInVybCI6Imh0dHBzOlwvXC9zZW1hbmFzYW50YWRlbHVnby5jb21cL3dwLWNvbnRlbnRcL3VwbG9hZHNcLzIwMTBcLzA2XC9ib3JyaXF1aXRhLTJ3LmpwZyIsInNsaWRlc2hvdyI6ImEyNzU3YzMifQ%3D%3D" href='https://semanasantadelugo.com/wp-content/uploads/2010/06/borriquita-2w.jpg'><img decoding="async" width="300" height="120" src="https://semanasantadelugo.com/wp-content/uploads/2010/06/borriquita-2w-300x120.jpg" class="attachment-medium size-medium" alt="Borriquita-ramos" aria-describedby="gallery-1-21029" srcset="https://semanasantadelugo.com/wp-content/uploads/2010/06/borriquita-2w-300x120.jpg 300w, https://semanasantadelugo.com/wp-content/uploads/2010/06/borriquita-2w.jpg 567w" sizes="(max-width: 300px) 100vw, 300px" /></a>
			</div>
				<figcaption class='wp-caption-text gallery-caption' id='gallery-1-21029'>
				Borriquita-ramos
				</figcaption></figure><figure class='gallery-item'>
			<div class='gallery-icon landscape'>
				<a data-elementor-open-lightbox="yes" data-elementor-lightbox-slideshow="a2757c3" data-elementor-lightbox-title="Borriquita-romanos" data-e-action-hash="#elementor-action%3Aaction%3Dlightbox%26settings%3DeyJpZCI6MjEwMzAsInVybCI6Imh0dHBzOlwvXC9zZW1hbmFzYW50YWRlbHVnby5jb21cL3dwLWNvbnRlbnRcL3VwbG9hZHNcLzIwMTBcLzA2XC9ib3JyaXF1aXRhLTN3LmpwZyIsInNsaWRlc2hvdyI6ImEyNzU3YzMifQ%3D%3D" href='https://semanasantadelugo.com/wp-content/uploads/2010/06/borriquita-3w.jpg'><img loading="lazy" decoding="async" width="300" height="120" src="https://semanasantadelugo.com/wp-content/uploads/2010/06/borriquita-3w-300x120.jpg" class="attachment-medium size-medium" alt="Borriquita-romanos" aria-describedby="gallery-1-21030" srcset="https://semanasantadelugo.com/wp-content/uploads/2010/06/borriquita-3w-300x120.jpg 300w, https://semanasantadelugo.com/wp-content/uploads/2010/06/borriquita-3w.jpg 567w" sizes="(max-width: 300px) 100vw, 300px" /></a>
			</div>
				<figcaption class='wp-caption-text gallery-caption' id='gallery-1-21030'>
				Borriquita-romanos
				</figcaption></figure>
		</div>
		</div>
						</div>
				</div>
					</div>
		</div>
					</div>
		</section>
				</div>

<p>Esta confraría é coñecida popularmente como “La Borriquita”. D. José Molejón cóntanos no seu libro “As Irmandades da Semana Santa de Lugo”: […]</p>
